{"id":202,"date":"2019-11-22T21:52:47","date_gmt":"2019-11-22T20:52:47","guid":{"rendered":"http:\/\/addimalliance.fr\/siteWeb\/?page_id=202"},"modified":"2020-07-21T08:42:49","modified_gmt":"2020-07-21T06:42:49","slug":"plates-forme-de-lica","status":"publish","type":"page","link":"http:\/\/www.addimalliance.fr\/siteWeb\/plates-forme-de-lica\/","title":{"rendered":"Plates-forme de l&rsquo;ICA"},"content":{"rendered":"<p>Portail web de l&rsquo;Institut Cl\u00e9ment Ader : <a href=\"http:\/\/institut-clement-ader.org\" target=\"_blank\" rel=\"noopener noreferrer\">http:\/\/institut-clement-ader.org<\/a><\/p>\n<p>Pr\u00e9sentation des moyens FA de l&rsquo;ICA : <a href=\"http:\/\/www.addimalliance.fr\/documents\/plate_forme_ICA\/plateforme_FA_ICA.pdf\" target=\"_blank\" rel=\"noopener noreferrer\">pdf t\u00e9l\u00e9chargeable ici<\/a><\/p>\n<p>Zoom sur la plateforme Mimausa : <a href=\"http:\/\/www.addimalliance.fr\/documents\/plate_forme_ICA\/Plate_forme_Mimosa_FA.pdf\" target=\"_blank\" rel=\"noopener noreferrer\">pdf t\u00e9l\u00e9chargeable ici<\/a><\/p>\n<p>Fiche technique de la machine SLM125HL : <a href=\"http:\/\/www.addimalliance.fr\/documents\/plate_forme_ICA\/machine_SLM125HL.pdf\" target=\"_blank\" rel=\"noopener noreferrer\">pdf t\u00e9l\u00e9chargeable ici<\/a><\/p>\n<p><a href=\"http:\/\/www.addimalliance.fr\/documents\/plate_forme_ICA\/machine_SLM125HL.pdf\" target=\"_blank\" rel=\"noopener noreferrer\">Responsables scientifiques :<\/a><\/p>\n<p><a href=\"http:\/\/www.addimalliance.fr\/documents\/plate_forme_ICA\/machine_SLM125HL.pdf\" target=\"_blank\" rel=\"noopener noreferrer\"><b>Anis Hor<\/b><br \/>\nINSTITUT CL\u00c9MENT ADER (UMR CNRS 5312)<br \/>\nGroupe SUMO (Surfaces, Usinages, Mat\u00e9riaux et Outillages)<br \/>\nwww.institut-clement-ader.fr<br \/>\nT\u00e9l. recherche : +33 (0)5 61 17 11 86<br \/>\nT\u00e9l enseignement : +33 (0)5 61 33 84 18<br \/>\nMail : anis.hor@isae-supaero.fr<\/a><\/p>\n<p><a href=\"http:\/\/www.addimalliance.fr\/documents\/plate_forme_ICA\/machine_SLM125HL.pdf\" target=\"_blank\" rel=\"noopener noreferrer\"><b>\u00c9tienne Copin<\/b><br \/>\nMaitre Assistant<br \/>\nINSTITUT CL\u00c9MENT ADER (UMR CNRS 5312)<br \/>\nGroupe SUMO (Surfaces, Usinages, Mat\u00e9riaux et Outillages)<br \/>\nwww.institut-clement-ader.fr<br \/>\nT\u00e9l. : +33 (0)5 63 49 30 74<br \/>\nMail : etienne.copin@mines-albi.fr<\/a><\/p>\n<p>Responsables techniques :<\/p>\n<p><b>SLM :<\/b><br \/>\nAur\u00e9lien Mazzoni<br \/>\ning\u00e9nieur R&amp;D<br \/>\naurelien.mazzoni@mines-albi.fr<\/p>\n<p><b>DED :<\/b><br \/>\nMathieu Hospital<br \/>\nresponsable atelier de fabrication<br \/>\nmathieu.hospital@isae-supaero.fr<\/p>\n","protected":false},"excerpt":{"rendered":"<p>Portail web de l&rsquo;Institut Cl\u00e9ment Ader : http:\/\/institut-clement-ader.org Pr\u00e9sentation des moyens FA de l&rsquo;ICA : pdf t\u00e9l\u00e9chargeable ici Zoom sur la plateforme Mimausa : pdf&hellip;<\/p>\n","protected":false},"author":1,"featured_media":0,"parent":0,"menu_order":0,"comment_status":"closed","ping_status":"closed","template":"","meta":{"footnotes":""},"class_list":["post-202","page","type-page","status-publish","hentry"],"_links":{"self":[{"href":"http:\/\/www.addimalliance.fr\/siteWeb\/wp-json\/wp\/v2\/pages\/202","targetHints":{"allow":["GET"]}}],"collection":[{"href":"http:\/\/www.addimalliance.fr\/siteWeb\/wp-json\/wp\/v2\/pages"}],"about":[{"href":"http:\/\/www.addimalliance.fr\/siteWeb\/wp-json\/wp\/v2\/types\/page"}],"author":[{"embeddable":true,"href":"http:\/\/www.addimalliance.fr\/siteWeb\/wp-json\/wp\/v2\/users\/1"}],"replies":[{"embeddable":true,"href":"http:\/\/www.addimalliance.fr\/siteWeb\/wp-json\/wp\/v2\/comments?post=202"}],"version-history":[{"count":15,"href":"http:\/\/www.addimalliance.fr\/siteWeb\/wp-json\/wp\/v2\/pages\/202\/revisions"}],"predecessor-version":[{"id":529,"href":"http:\/\/www.addimalliance.fr\/siteWeb\/wp-json\/wp\/v2\/pages\/202\/revisions\/529"}],"wp:attachment":[{"href":"http:\/\/www.addimalliance.fr\/siteWeb\/wp-json\/wp\/v2\/media?parent=202"}],"curies":[{"name":"wp","href":"https:\/\/api.w.org\/{rel}","templated":true}]}}