{"id":84,"date":"2019-11-09T21:00:43","date_gmt":"2019-11-09T20:00:43","guid":{"rendered":"http:\/\/addimalliance.fr\/siteWeb\/?page_id=84"},"modified":"2025-04-15T16:46:52","modified_gmt":"2025-04-15T14:46:52","slug":"actualites","status":"publish","type":"page","link":"http:\/\/www.addimalliance.fr\/siteWeb\/actualites\/","title":{"rendered":"Actualit\u00e9s"},"content":{"rendered":"\n<p>\u2022 10-11 avril 2025 : Journ\u00e9es scientifiques d&rsquo;AddimAlliance \u00e0 l&rsquo;UTTOP-ENIT-LGP-CEF3D de Tarbes :<br>(D\u00e9tail des pr\u00e9sentations : <a href=\"http:\/\/www.addimalliance.fr\/siteWeb\/journees-scientifiques-2025\/\" data-type=\"page\" data-id=\"765\">cliquez ici <\/a>)<\/p>\n\n\n\n<figure class=\"wp-block-image size-large is-resized\"><a href=\"http:\/\/www.addimalliance.fr\/siteWeb\/journees-scientifiques-2025\/\"><img loading=\"lazy\" decoding=\"async\" width=\"1024\" height=\"656\" src=\"http:\/\/www.addimalliance.fr\/siteWeb\/wp-content\/uploads\/2025\/04\/photo-de-groupe-1024x656.png\" alt=\"\" class=\"wp-image-758\" style=\"width:772px;height:auto\" srcset=\"http:\/\/www.addimalliance.fr\/siteWeb\/wp-content\/uploads\/2025\/04\/photo-de-groupe-1024x656.png 1024w, http:\/\/www.addimalliance.fr\/siteWeb\/wp-content\/uploads\/2025\/04\/photo-de-groupe-300x192.png 300w, http:\/\/www.addimalliance.fr\/siteWeb\/wp-content\/uploads\/2025\/04\/photo-de-groupe-768x492.png 768w, http:\/\/www.addimalliance.fr\/siteWeb\/wp-content\/uploads\/2025\/04\/photo-de-groupe-1536x983.png 1536w, http:\/\/www.addimalliance.fr\/siteWeb\/wp-content\/uploads\/2025\/04\/photo-de-groupe.png 1640w\" sizes=\"auto, (max-width: 1024px) 100vw, 1024px\" \/><\/a><\/figure>\n\n\n\n<figure class=\"wp-block-image size-full is-resized\"><a href=\"http:\/\/www.addimalliance.fr\/siteWeb\/journees-scientifiques-2025\/\"><img loading=\"lazy\" decoding=\"async\" width=\"2554\" height=\"1918\" src=\"http:\/\/www.addimalliance.fr\/siteWeb\/wp-content\/uploads\/2025\/04\/Capture-decran-2025-04-11-a-09.18.17.png\" alt=\"\" class=\"wp-image-748\" style=\"width:770px;height:auto\" srcset=\"http:\/\/www.addimalliance.fr\/siteWeb\/wp-content\/uploads\/2025\/04\/Capture-decran-2025-04-11-a-09.18.17.png 2554w, http:\/\/www.addimalliance.fr\/siteWeb\/wp-content\/uploads\/2025\/04\/Capture-decran-2025-04-11-a-09.18.17-300x225.png 300w, http:\/\/www.addimalliance.fr\/siteWeb\/wp-content\/uploads\/2025\/04\/Capture-decran-2025-04-11-a-09.18.17-1024x769.png 1024w, http:\/\/www.addimalliance.fr\/siteWeb\/wp-content\/uploads\/2025\/04\/Capture-decran-2025-04-11-a-09.18.17-768x577.png 768w, http:\/\/www.addimalliance.fr\/siteWeb\/wp-content\/uploads\/2025\/04\/Capture-decran-2025-04-11-a-09.18.17-1536x1154.png 1536w, http:\/\/www.addimalliance.fr\/siteWeb\/wp-content\/uploads\/2025\/04\/Capture-decran-2025-04-11-a-09.18.17-2048x1538.png 2048w\" sizes=\"auto, (max-width: 2554px) 100vw, 2554px\" \/><\/a><\/figure>\n\n\n\n<ul class=\"wp-block-list\">\n<li>31 juin &#8211; 1er juillet 2022 : Journ\u00e9es scientifiques d&rsquo;addimAlliance (<a href=\"https:\/\/eye.info.aerospace-valley.com\/m2?r=wAXNA8i4NWE2YjRmZDRiODViNTM2YTlmNGJmMjM4xBAye3hG4tCWR9DJ0LDQhe9OQ-zhRbg2MTI2NDM3MjVlMDYwZjQ0ZTQ2NmZkZWTZIm4ubGFsYW5uZUBjb21tdW5hdXRlLXBheXNiYXNxdWUuZnKgnLYzcGE3YzJ0SlNRdXhnbFFheWVFbWdn2SZDb21tdW5hdXTDqSBBZ2dsb23DqXJhdGlvbiBQYXlzIEJhc3F1ZbY2NVVYS2cwNVR4R3J4UDFtV0NFbG5Bp0xBTEFOTkW2QWl2Z0xldzlSWm1hZTZ3OWd4dTcxQbJOb3V2ZWxsZS1BcXVpdGFpbmW2QkdxTG1acDNUcGEtWFhadWQyUTNFUbA1LiBDT0xMRUNUSVZJVEVTqkNPTlRBQ1RfSUS2YTNXNmpxYmFTRy1yUW5xU0g2MWF5QbNFTUFJTF9DT1JSRUNUSU9OX0lEoLFPUklHSU5fQ0FQVElPTl9JRK5DMS0yLTMtNC01LmNzdq5PUklHSU5fS0lORF9JRKNDU1azUEhPTkVfQ09SUkVDVElPTl9JRKCoU1RBVEVfSUSiT2u2Y2lUMEc0ZE5Ub091RXVyMnJCOTRBUadOb8OpbWlltmthSElkaENtU2xxMEl6cWlWdXdIZHemTWVtYnJltnZSR0NZTTRPVEJTV1RJYTJZY1Y0cHeg\" target=\"_blank\" rel=\"noreferrer noopener\">renseignements ici<\/a>, <a href=\"https:\/\/www.aerospace-valley.com\/sites\/default\/files\/2022-06\/Agenda%20pr\u00e9visionnel%20Journ\u00e9es%20Scientifiques%202022%20AddimAlliance.pdf\" target=\"_blank\" rel=\"noreferrer noopener\">programme<\/a>, <a href=\"https:\/\/site.evenium.net\/addim2022\/registration\" target=\"_blank\" rel=\"noreferrer noopener\">inscriptions<\/a>)<\/li>\n\n\n\n<li>22 et 23 septembre (MEETT Toulouse) : <a href=\"https:\/\/france.additive-aerospace-summit.com\/fr\/\" target=\"_blank\" rel=\"noreferrer noopener\">Aerospace Additive Manufacturing Summit<\/a>\n<ul class=\"wp-block-list\">\n<li>Stand commun aux 6 plate-formes.<\/li>\n<\/ul>\n<\/li>\n\n\n\n<li><a href=\"http:\/\/www.addimalliance.fr\/siteWeb\/journee-des-doctorants-2021\/\" target=\"_blank\" rel=\"noreferrer noopener\">1<sup>er<\/sup> et 2 juillet 2021 : Journ\u00e9es Doctorantes \u00e0 l&rsquo;IMT Albi<\/a><\/li>\n\n\n\n<li>8 juin 2021 : Pr\u00e9sentation d&rsquo;AddimAlliance aux 25<sup>e<\/sup> assises de France Additive (<a href=\"https:\/\/aefa2021.site.digitevent.com\/fr\/page\/aefa-2021\/\" target=\"_blank\" rel=\"noreferrer noopener\">https:\/\/aefa2021.site.digitevent.com\/fr\/page\/aefa-2021\/<\/a>)<\/li>\n\n\n\n<li>18-19 novembre 2020 : Pr\u00e9sence aux rdv Carnot (Lyon) <\/li>\n\n\n\n<li>10-13 novembre 2020 : Pr\u00e9sence au salon FormNext<\/li>\n\n\n\n<li>Sept 2020 : participation \u00e0 la journ\u00e9e <a href=\"https:\/\/www.additivefactoryhub.com\">Additive Factory Hub<\/a><\/li>\n\n\n\n<li>14 mai 2020 : Webconf avec <a href=\"https:\/\/www.additivefactoryhub.com\">l&rsquo;Additive Factory Hub<\/a> de Saclay<\/li>\n\n\n\n<li>19 mars 2020 : Webconf avec Safran Additive Manufacturing <\/li>\n\n\n\n<li>5-6 f\u00e9vrier 2020 : AddimAlliance \u00e0 IVF Bordeaux <figure><img loading=\"lazy\" decoding=\"async\" width=\"239\" height=\"209\" class=\" wp-image-323 alignright\" src=\"http:\/\/addimalliance.fr\/siteWeb\/wp-content\/uploads\/2020\/02\/image3-300x262.jpg\" alt=\"\" srcset=\"http:\/\/www.addimalliance.fr\/siteWeb\/wp-content\/uploads\/2020\/02\/image3-300x262.jpg 300w, http:\/\/www.addimalliance.fr\/siteWeb\/wp-content\/uploads\/2020\/02\/image3.jpg 720w\" sizes=\"auto, (max-width: 239px) 100vw, 239px\" \/><\/figure><br>(\u00ab Imprimez votre Futur \u00bb) organis\u00e9 par A3DM<p>&nbsp;<\/p> <figure><figure><img loading=\"lazy\" decoding=\"async\" width=\"300\" height=\"151\" class=\"alignnone size-medium wp-image-320\" src=\"http:\/\/addimalliance.fr\/siteWeb\/wp-content\/uploads\/2020\/02\/image1-300x151.jpeg\" alt=\"\" srcset=\"http:\/\/www.addimalliance.fr\/siteWeb\/wp-content\/uploads\/2020\/02\/image1-300x151.jpeg 300w, http:\/\/www.addimalliance.fr\/siteWeb\/wp-content\/uploads\/2020\/02\/image1-1024x514.jpeg 1024w, http:\/\/www.addimalliance.fr\/siteWeb\/wp-content\/uploads\/2020\/02\/image1-768x386.jpeg 768w, http:\/\/www.addimalliance.fr\/siteWeb\/wp-content\/uploads\/2020\/02\/image1-1536x771.jpeg 1536w, http:\/\/www.addimalliance.fr\/siteWeb\/wp-content\/uploads\/2020\/02\/image1.jpeg 1561w\" sizes=\"auto, (max-width: 300px) 100vw, 300px\" \/><\/figure><\/figure><div>&nbsp; &nbsp;  <\/div><\/li>\n\n\n\n<li>31 janvier 2020 : r\u00e9union th\u00e9matique pour d\u00e9finir des projets collaboratifs possibles, en r\u00e9sum\u00e9 :\n<ul class=\"wp-block-list\">\n<li>Simulation des proc\u00e9d\u00e9s : approches multi-\u00e9chelle (temps-espace) et multi-proc\u00e9d\u00e9s.<\/li>\n\n\n\n<li>M\u00e9tamat\u00e9riaux (notamment lattices) : choix, optimisation et caract\u00e9risation.<\/li>\n\n\n\n<li>Mesures pendant le process : instrumentation et traitement des donn\u00e9es. <div>&nbsp; <\/div><\/li>\n<\/ul>\n<\/li>\n\n\n\n<li>10 janvier 2020 : Copil AddimAlliance\n<ul class=\"wp-block-list\">\n<li>Validation de la pr\u00e9sence \u00e0 diff\u00e9rents salons (c.f. ci-dessus)<\/li>\n\n\n\n<li>Pr\u00e9-d\u00e9finition d&rsquo;axes strat\u00e9giques (d\u00e9tails \u00e0 venir) <div>&nbsp; <\/div><\/li>\n<\/ul>\n<\/li>\n\n\n\n<li>3-4 d\u00e9cembre 2019 (Toulouse) :\n<ul class=\"wp-block-list\">\n<li>Stand commun aux 6 plate-formes.<\/li>\n\n\n\n<li>Participation \u00e0 la table-ronde Allemagne-Angleterre-France-Espagne-Italie. <div>&nbsp;<\/div> <figure><figure><a href=\"https:\/\/france.additive-aerospace-summit.com\/fr\/\" target=\"_blank\" rel=\"noopener noreferrer\"><img loading=\"lazy\" decoding=\"async\" width=\"300\" height=\"87\" class=\"wp-image-136\" style=\"width: 300px;\" src=\"http:\/\/addimalliance.fr\/siteWeb\/wp-content\/uploads\/2019\/11\/logo-aerospace-additive-manufacturing-summit-6dd432d9016dafac2881130b195ab15d.png\" alt=\"\" srcset=\"http:\/\/www.addimalliance.fr\/siteWeb\/wp-content\/uploads\/2019\/11\/logo-aerospace-additive-manufacturing-summit-6dd432d9016dafac2881130b195ab15d.png 400w, http:\/\/www.addimalliance.fr\/siteWeb\/wp-content\/uploads\/2019\/11\/logo-aerospace-additive-manufacturing-summit-6dd432d9016dafac2881130b195ab15d-300x87.png 300w\" sizes=\"auto, (max-width: 300px) 100vw, 300px\" \/><\/a><\/figure><figure><img decoding=\"async\" class=\"wp-image-136\" style=\"width: 300px;\" src=\"http:\/\/addimalliance.fr\/siteWeb\/wp-content\/uploads\/2019\/12\/0-e1576143213363.jpg\" alt=\"\"><\/figure><\/figure><p>&nbsp;&nbsp; <\/p><\/li>\n<\/ul>\n<\/li>\n\n\n\n<li>7-8 novembre 2019 (Bordeaux) : Journ\u00e9es des doctorants d&rsquo;AddimAlliance<br>(<a href=\"http:\/\/www.addimalliance.fr\/JourneesDoctorants2019\/\">d\u00e9tail des 22&nbsp;pr\u00e9sentations ici<\/a>). &nbsp;<\/li>\n\n\n\n<li>15 octobre 2019 (Toulouse) : <a href=\"https:\/\/www.aerospace-valley.com\/sites\/default\/files\/documents\/news\/cp-addimalliance-151019_final.pdf\" target=\"_blank\" rel=\"noreferrer noopener\">Signature de la lettre d&rsquo;intention<\/a> initiale entre les 6 plate-formes (<a href=\"https:\/\/www.lesechos.fr\/pme-regions\/innovateurs\/addimalliance-veut-convertir-les-industriels-a-limpression-3d-metallique-1141564\" target=\"_blank\" rel=\"noopener noreferrer\">lesechos.fr<\/a>, <a href=\"http:\/\/www.aquitaineonline.com\/actualites-en-aquitaine\/economie-industrie\/8330-addimalliance-plateformes-regionales-de-la-fabrication-additive.html\" target=\"_blank\" rel=\"noreferrer noopener\">aquitaineonline.fr<\/a>, <a href=\"https:\/\/www.industrie-techno.com\/article\/fabrication-additive-les-plateformes-technologiques-d-occitanie-et-de-nouvelle-aquitaine-unissent-leurs-forces.57534\" target=\"_blank\" rel=\"noreferrer noopener\">industrie-techno.com<\/a>).<figure><img loading=\"lazy\" decoding=\"async\" width=\"500\" height=\"195\" class=\"wp-image-139\" style=\"width: 500px;\" src=\"http:\/\/addimalliance.fr\/siteWeb\/wp-content\/uploads\/2019\/11\/signatureAddimAlliance.png\" srcset=\"http:\/\/www.addimalliance.fr\/siteWeb\/wp-content\/uploads\/2019\/11\/signatureAddimAlliance.png 680w, http:\/\/www.addimalliance.fr\/siteWeb\/wp-content\/uploads\/2019\/11\/signatureAddimAlliance-300x117.png 300w\" sizes=\"auto, (max-width: 500px) 100vw, 500px\" \/><\/figure><\/li>\n<\/ul>\n\n\n\n<div class=\"wp-block-columns is-layout-flex wp-container-core-columns-is-layout-9d6595d7 wp-block-columns-is-layout-flex\">\n<div class=\"wp-block-column is-layout-flow wp-block-column-is-layout-flow\" style=\"flex-basis:33.33%\">\n<p><\/p>\n<\/div>\n\n\n\n<div class=\"wp-block-column is-layout-flow wp-block-column-is-layout-flow\" style=\"flex-basis:66.66%\">\n<p><\/p>\n<\/div>\n<\/div>\n\n\n\n<p><\/p>\n","protected":false},"excerpt":{"rendered":"<p>\u2022 10-11 avril 2025 : Journ\u00e9es scientifiques d&rsquo;AddimAlliance \u00e0 l&rsquo;UTTOP-ENIT-LGP-CEF3D de Tarbes :(D\u00e9tail des pr\u00e9sentations : cliquez ici )<\/p>\n","protected":false},"author":1,"featured_media":0,"parent":0,"menu_order":0,"comment_status":"closed","ping_status":"closed","template":"","meta":{"footnotes":""},"class_list":["post-84","page","type-page","status-publish","hentry"],"_links":{"self":[{"href":"http:\/\/www.addimalliance.fr\/siteWeb\/wp-json\/wp\/v2\/pages\/84","targetHints":{"allow":["GET"]}}],"collection":[{"href":"http:\/\/www.addimalliance.fr\/siteWeb\/wp-json\/wp\/v2\/pages"}],"about":[{"href":"http:\/\/www.addimalliance.fr\/siteWeb\/wp-json\/wp\/v2\/types\/page"}],"author":[{"embeddable":true,"href":"http:\/\/www.addimalliance.fr\/siteWeb\/wp-json\/wp\/v2\/users\/1"}],"replies":[{"embeddable":true,"href":"http:\/\/www.addimalliance.fr\/siteWeb\/wp-json\/wp\/v2\/comments?post=84"}],"version-history":[{"count":65,"href":"http:\/\/www.addimalliance.fr\/siteWeb\/wp-json\/wp\/v2\/pages\/84\/revisions"}],"predecessor-version":[{"id":771,"href":"http:\/\/www.addimalliance.fr\/siteWeb\/wp-json\/wp\/v2\/pages\/84\/revisions\/771"}],"wp:attachment":[{"href":"http:\/\/www.addimalliance.fr\/siteWeb\/wp-json\/wp\/v2\/media?parent=84"}],"curies":[{"name":"wp","href":"https:\/\/api.w.org\/{rel}","templated":true}]}}

Actualités

<p>• 10-11 avril 2025 : Journées scientifiques d&rsquo;AddimAlliance à l&rsquo;UTTOP-ENIT-LGP-CEF3D de Tarbes :<br>(Détail des présentations : <a href="http://www.addimalliance.fr/siteWeb/journees-scientifiques-2025/" data-type="page" data-id="765">cliquez ici </a>)</p>



<figure class="wp-block-image size-large is-resized"><a href="http://www.addimalliance.fr/siteWeb/journees-scientifiques-2025/"><img loading="lazy" decoding="async" width="1024" height="656" src="http://www.addimalliance.fr/siteWeb/wp-content/uploads/2025/04/photo-de-groupe-1024x656.png" alt="" class="wp-image-758" style="width:772px;height:auto" srcset="http://www.addimalliance.fr/siteWeb/wp-content/uploads/2025/04/photo-de-groupe-1024x656.png 1024w, http://www.addimalliance.fr/siteWeb/wp-content/uploads/2025/04/photo-de-groupe-300x192.png 300w, http://www.addimalliance.fr/siteWeb/wp-content/uploads/2025/04/photo-de-groupe-768x492.png 768w, http://www.addimalliance.fr/siteWeb/wp-content/uploads/2025/04/photo-de-groupe-1536x983.png 1536w, http://www.addimalliance.fr/siteWeb/wp-content/uploads/2025/04/photo-de-groupe.png 1640w" sizes="auto, (max-width: 1024px) 100vw, 1024px" /></a></figure>



<figure class="wp-block-image size-full is-resized"><a href="http://www.addimalliance.fr/siteWeb/journees-scientifiques-2025/"><img loading="lazy" decoding="async" width="2554" height="1918" src="http://www.addimalliance.fr/siteWeb/wp-content/uploads/2025/04/Capture-decran-2025-04-11-a-09.18.17.png" alt="" class="wp-image-748" style="width:770px;height:auto" srcset="http://www.addimalliance.fr/siteWeb/wp-content/uploads/2025/04/Capture-decran-2025-04-11-a-09.18.17.png 2554w, http://www.addimalliance.fr/siteWeb/wp-content/uploads/2025/04/Capture-decran-2025-04-11-a-09.18.17-300x225.png 300w, http://www.addimalliance.fr/siteWeb/wp-content/uploads/2025/04/Capture-decran-2025-04-11-a-09.18.17-1024x769.png 1024w, http://www.addimalliance.fr/siteWeb/wp-content/uploads/2025/04/Capture-decran-2025-04-11-a-09.18.17-768x577.png 768w, http://www.addimalliance.fr/siteWeb/wp-content/uploads/2025/04/Capture-decran-2025-04-11-a-09.18.17-1536x1154.png 1536w, http://www.addimalliance.fr/siteWeb/wp-content/uploads/2025/04/Capture-decran-2025-04-11-a-09.18.17-2048x1538.png 2048w" sizes="auto, (max-width: 2554px) 100vw, 2554px" /></a></figure>



<ul class="wp-block-list">
<li>31 juin &#8211; 1er juillet 2022 : Journées scientifiques d&rsquo;addimAlliance (<a href="https://eye.info.aerospace-valley.com/m2?r=wAXNA8i4NWE2YjRmZDRiODViNTM2YTlmNGJmMjM4xBAye3hG4tCWR9DJ0LDQhe9OQ-zhRbg2MTI2NDM3MjVlMDYwZjQ0ZTQ2NmZkZWTZIm4ubGFsYW5uZUBjb21tdW5hdXRlLXBheXNiYXNxdWUuZnKgnLYzcGE3YzJ0SlNRdXhnbFFheWVFbWdn2SZDb21tdW5hdXTDqSBBZ2dsb23DqXJhdGlvbiBQYXlzIEJhc3F1ZbY2NVVYS2cwNVR4R3J4UDFtV0NFbG5Bp0xBTEFOTkW2QWl2Z0xldzlSWm1hZTZ3OWd4dTcxQbJOb3V2ZWxsZS1BcXVpdGFpbmW2QkdxTG1acDNUcGEtWFhadWQyUTNFUbA1LiBDT0xMRUNUSVZJVEVTqkNPTlRBQ1RfSUS2YTNXNmpxYmFTRy1yUW5xU0g2MWF5QbNFTUFJTF9DT1JSRUNUSU9OX0lEoLFPUklHSU5fQ0FQVElPTl9JRK5DMS0yLTMtNC01LmNzdq5PUklHSU5fS0lORF9JRKNDU1azUEhPTkVfQ09SUkVDVElPTl9JRKCoU1RBVEVfSUSiT2u2Y2lUMEc0ZE5Ub091RXVyMnJCOTRBUadOb8OpbWlltmthSElkaENtU2xxMEl6cWlWdXdIZHemTWVtYnJltnZSR0NZTTRPVEJTV1RJYTJZY1Y0cHeg" target="_blank" rel="noreferrer noopener">renseignements ici</a>, <a href="https://www.aerospace-valley.com/sites/default/files/2022-06/Agenda%20prévisionnel%20Journées%20Scientifiques%202022%20AddimAlliance.pdf" target="_blank" rel="noreferrer noopener">programme</a>, <a href="https://site.evenium.net/addim2022/registration" target="_blank" rel="noreferrer noopener">inscriptions</a>)</li>



<li>22 et 23 septembre (MEETT Toulouse) : <a href="https://france.additive-aerospace-summit.com/fr/" target="_blank" rel="noreferrer noopener">Aerospace Additive Manufacturing Summit</a>
<ul class="wp-block-list">
<li>Stand commun aux 6 plate-formes.</li>
</ul>
</li>



<li><a href="http://www.addimalliance.fr/siteWeb/journee-des-doctorants-2021/" target="_blank" rel="noreferrer noopener">1<sup>er</sup> et 2 juillet 2021 : Journées Doctorantes à l&rsquo;IMT Albi</a></li>



<li>8 juin 2021 : Présentation d&rsquo;AddimAlliance aux 25<sup>e</sup> assises de France Additive (<a href="https://aefa2021.site.digitevent.com/fr/page/aefa-2021/" target="_blank" rel="noreferrer noopener">https://aefa2021.site.digitevent.com/fr/page/aefa-2021/</a>)</li>



<li>18-19 novembre 2020 : Présence aux rdv Carnot (Lyon) </li>



<li>10-13 novembre 2020 : Présence au salon FormNext</li>



<li>Sept 2020 : participation à la journée <a href="https://www.additivefactoryhub.com">Additive Factory Hub</a></li>



<li>14 mai 2020 : Webconf avec <a href="https://www.additivefactoryhub.com">l&rsquo;Additive Factory Hub</a> de Saclay</li>



<li>19 mars 2020 : Webconf avec Safran Additive Manufacturing </li>



<li>5-6 février 2020 : AddimAlliance à IVF Bordeaux <figure><img loading="lazy" decoding="async" width="239" height="209" class=" wp-image-323 alignright" src="http://addimalliance.fr/siteWeb/wp-content/uploads/2020/02/image3-300x262.jpg" alt="" srcset="http://www.addimalliance.fr/siteWeb/wp-content/uploads/2020/02/image3-300x262.jpg 300w, http://www.addimalliance.fr/siteWeb/wp-content/uploads/2020/02/image3.jpg 720w" sizes="auto, (max-width: 239px) 100vw, 239px" /></figure><br>(« Imprimez votre Futur ») organisé par A3DM<p>&nbsp;</p> <figure><figure><img loading="lazy" decoding="async" width="300" height="151" class="alignnone size-medium wp-image-320" src="http://addimalliance.fr/siteWeb/wp-content/uploads/2020/02/image1-300x151.jpeg" alt="" srcset="http://www.addimalliance.fr/siteWeb/wp-content/uploads/2020/02/image1-300x151.jpeg 300w, http://www.addimalliance.fr/siteWeb/wp-content/uploads/2020/02/image1-1024x514.jpeg 1024w, http://www.addimalliance.fr/siteWeb/wp-content/uploads/2020/02/image1-768x386.jpeg 768w, http://www.addimalliance.fr/siteWeb/wp-content/uploads/2020/02/image1-1536x771.jpeg 1536w, http://www.addimalliance.fr/siteWeb/wp-content/uploads/2020/02/image1.jpeg 1561w" sizes="auto, (max-width: 300px) 100vw, 300px" /></figure></figure><div>&nbsp; &nbsp;  </div></li>



<li>31 janvier 2020 : réunion thématique pour définir des projets collaboratifs possibles, en résumé :
<ul class="wp-block-list">
<li>Simulation des procédés : approches multi-échelle (temps-espace) et multi-procédés.</li>



<li>Métamatériaux (notamment lattices) : choix, optimisation et caractérisation.</li>



<li>Mesures pendant le process : instrumentation et traitement des données. <div>&nbsp; </div></li>
</ul>
</li>



<li>10 janvier 2020 : Copil AddimAlliance
<ul class="wp-block-list">
<li>Validation de la présence à différents salons (c.f. ci-dessus)</li>



<li>Pré-définition d&rsquo;axes stratégiques (détails à venir) <div>&nbsp; </div></li>
</ul>
</li>



<li>3-4 décembre 2019 (Toulouse) :
<ul class="wp-block-list">
<li>Stand commun aux 6 plate-formes.</li>



<li>Participation à la table-ronde Allemagne-Angleterre-France-Espagne-Italie. <div>&nbsp;</div> <figure><figure><a href="https://france.additive-aerospace-summit.com/fr/" target="_blank" rel="noopener noreferrer"><img loading="lazy" decoding="async" width="300" height="87" class="wp-image-136" style="width: 300px;" src="http://addimalliance.fr/siteWeb/wp-content/uploads/2019/11/logo-aerospace-additive-manufacturing-summit-6dd432d9016dafac2881130b195ab15d.png" alt="" srcset="http://www.addimalliance.fr/siteWeb/wp-content/uploads/2019/11/logo-aerospace-additive-manufacturing-summit-6dd432d9016dafac2881130b195ab15d.png 400w, http://www.addimalliance.fr/siteWeb/wp-content/uploads/2019/11/logo-aerospace-additive-manufacturing-summit-6dd432d9016dafac2881130b195ab15d-300x87.png 300w" sizes="auto, (max-width: 300px) 100vw, 300px" /></a></figure><figure><img decoding="async" class="wp-image-136" style="width: 300px;" src="http://addimalliance.fr/siteWeb/wp-content/uploads/2019/12/0-e1576143213363.jpg" alt=""></figure></figure><p>&nbsp;&nbsp; </p></li>
</ul>
</li>



<li>7-8 novembre 2019 (Bordeaux) : Journées des doctorants d&rsquo;AddimAlliance<br>(<a href="http://www.addimalliance.fr/JourneesDoctorants2019/">détail des 22&nbsp;présentations ici</a>). &nbsp;</li>



<li>15 octobre 2019 (Toulouse) : <a href="https://www.aerospace-valley.com/sites/default/files/documents/news/cp-addimalliance-151019_final.pdf" target="_blank" rel="noreferrer noopener">Signature de la lettre d&rsquo;intention</a> initiale entre les 6 plate-formes (<a href="https://www.lesechos.fr/pme-regions/innovateurs/addimalliance-veut-convertir-les-industriels-a-limpression-3d-metallique-1141564" target="_blank" rel="noopener noreferrer">lesechos.fr</a>, <a href="http://www.aquitaineonline.com/actualites-en-aquitaine/economie-industrie/8330-addimalliance-plateformes-regionales-de-la-fabrication-additive.html" target="_blank" rel="noreferrer noopener">aquitaineonline.fr</a>, <a href="https://www.industrie-techno.com/article/fabrication-additive-les-plateformes-technologiques-d-occitanie-et-de-nouvelle-aquitaine-unissent-leurs-forces.57534" target="_blank" rel="noreferrer noopener">industrie-techno.com</a>).<figure><img loading="lazy" decoding="async" width="500" height="195" class="wp-image-139" style="width: 500px;" src="http://addimalliance.fr/siteWeb/wp-content/uploads/2019/11/signatureAddimAlliance.png" srcset="http://www.addimalliance.fr/siteWeb/wp-content/uploads/2019/11/signatureAddimAlliance.png 680w, http://www.addimalliance.fr/siteWeb/wp-content/uploads/2019/11/signatureAddimAlliance-300x117.png 300w" sizes="auto, (max-width: 500px) 100vw, 500px" /></figure></li>
</ul>



<div class="wp-block-columns is-layout-flex wp-container-core-columns-is-layout-9d6595d7 wp-block-columns-is-layout-flex">
<div class="wp-block-column is-layout-flow wp-block-column-is-layout-flow" style="flex-basis:33.33%">
<p></p>
</div>



<div class="wp-block-column is-layout-flow wp-block-column-is-layout-flow" style="flex-basis:66.66%">
<p></p>
</div>
</div>



<p></p>

<p>• 10-11 avril 2025 : Journées scientifiques d&rsquo;AddimAlliance à l&rsquo;UTTOP-ENIT-LGP-CEF3D de Tarbes :(Détail des présentations : cliquez ici )</p>
